) to base 8
2
Convert -3 (base 12) to base 9.
-3
What is 1 (base 10) in base 8?
1
12212 (base 3) to base 6
422
-33 (base 5) to base 9
-20
Convert -14 (base 10) to base 7.
-20
What is 31 (base 9) in base 16?
1c
-534 (base 6) to base 12
-14a
What is -3 (base 5) in base 13?
-3
What is -2 (base 9) in base 3?
-2
0 (base 13) to base 8
0
-3 (base 16) to base 13
-3
Convert 1b8 (base 13) to base 12.
228
What is -2 (base 10) in base 3?
-2
-18 (base 12) to base 15
-15
Convert -23 (base 6) to base 5.
-30
Convert -11 (base 9) to base 11.
-a
413 (base 8) to base 14
151
4 (base 13) to base 6
4
What is -21 (base 5) in base 7?
-14
Convert -195 (base 10) to base 16.
-c3
What is 160 (base 7) in base 16?
5b
What is 1001100 (base 2) in base 11?
6a
-3 (base 14) to base 9
-3
What is -9 (base 12) in base 15?
-9
Convert -10 (base 6) to base 14.
-6
1222 (base 3) to base 2
110101
Convert -7 (base 9) to base 14.
-7
2 (base 6) to base 7
2
What is -3020 (base 4) in base 10?
-200
What is -2 (base 15) in base 12?
-2
What is -5 (base 11) in base 4?
-11
Convert -21 (base 6) to base 16.
-d
Convert 3 (base 7) to base 8.
3
-54 (base 8) to base 2
-101100
What is 3 (base 9) in base 16?
3
Convert 2121 (base 3) to base 6.
154
Convert 3002 (base 4) to base 3.
21012
-221 (base 8) to base 2
-10010001
-220 (base 3) to base 4
-120
-160 (base 7) to base 2
-1011011
100 (base 2) to base 9
4
Convert 106 (base 10) to base 11.
97
-123 (base 7) to base 3
-2110
What is 4 (base 6) in base 3?
11
-71 (base 14) to base 7
-201
What is -14 (base 11) in base 4?
-33
-1002 (base 3) to base 14
-21
What is -3 (base 11) in base 8?
-3
Convert 101101 (base 2) to base 8.
55
11 (base 6) to base 14
7
What is 58 (base 11) in base 8?
77
What is 72 (base 8) in base 15?
3d
What is -33 (base 7) in base 3?
-220
41 (base 13) to base 14
3b
What is -1210 (base 3) in base 7?
-66
Convert 150 (base 6) to base 12.
56
Convert -18 (base 11) to base 15.
-14
104 (base 7) to base 14
3b
What is 24 (base 15) in base 6?
54
What is -17 (base 14) in base 12?
-19
-102 (base 3) to base 11
-10
Convert 6 (base 7) to base 13.
6
What is -1e (base 16) in base 3?
-1010
-15 (base 16) to base 9
-23
What is 110101 (base 2) in base 5?
203
-1 (base 2) to base 5
-1
-13 (base 4) to base 16
-7
What is -d0 (base 14) in base 3?
-20202
Convert 11 (base 6) to base 13.
7
53 (base 8) to base 5
133
Convert -3 (base 5) to base 9.
-3
Convert 12 (base 3) to base 15.
5
What is -7 (base 11) in base 2?
-111
What is -cb (base 14) in base 13?
-10a
Convert 4 (base 11) to base 7.
4
What is 120 (base 3) in base 15?
10
-1 (base 5) to base 6
-1
Convert 2 (base 13) to base 16.
2
2 (base 14) to base 13
2
8 (base 12) to base 16
8
What is 0 (base 13) in base 9?
0
What is -1000 (base 2) in base 13?
-8
51 (base 8) to base 11
38
28 (base 14) to base 2
100100
-2 (base 11) to base 8
-2
What is -5 (base 11) in base 7?
-5
What is -4 (base 8) in base 14?
-4
-37 (base 9) to base 6
-54
Convert 18 (base 15) to base 12.
1b
59 (base 11) to base 10
64
What is d4 (base 15) in base 13?
124
Convert 3 (base 9) to base 7.
3
Convert -2 (base 14) to base 12.
-2
-27 (base 10) to base 3
-1000
What is -b (base 15) in base 14?
-b
Convert -313 (base 7) to base 9.
-184
Convert -27 (base 13) to base 2.
-100001
Convert -42 (base 13) to base 14.
-3c
-163 (base 7) to base 9
-114
What is -1013 (base 4) in base 10?
-71
What is 3 (base 13) in base 2?
11
Convert 14 (base 15) to base 5.
34
What is 100 (base 2) in base 13?
4
-4 (base 15) to base 10
-4
Convert 8 (base 15) to base 11.
8
240 (base 10) to base 3
22220
Convert -2 (base 4) to base 9.
-2
0 (base 5) to base 15
0
Convert 6 (base 16) to base 9.
6
What is -14 (base 16) in base 6?
-32
Convert -36 (base 10) to base 13.
-2a
1c (base 14) to base 15
1b
What is -14 (base 13) in base 8?
-21
Convert 302 (base 5) to base 3.
2212
Convert -80 (base 9) to base 16.
-48
Convert -21 (base 10) to base 3.
-210
What is -4 (base 9) in base 4?
-10
-77 (base 8) to base 16
-3f
-102 (base 7) to base 14
-39
c (base 13) to base 15
c
-183 (base 12) to base 4
-3303
What is 5 (base 10) in base 8?
5
-3 (base 6) to base 2
-11
-10000010 (base 2) to base 13
-a0
-97 (base 12) to base 2
-1110011
-1100 (base 3) to base 14
-28
Convert -14 (base 8) to base 6.
-20
Convert -12 (base 14) to base 3.
-121
Convert -41 (base 9) to base 16.
-25
What is 112 (base 5) in base 16?
20
Convert -1 (base 8) to base 15.
-1
-2 (base 16) to base 8
-2
Convert -11100 (base 2) to base 7.
-40
What is 112 (base 4) in base 3?
211
-35 (base 8) to base 16
-1d
-4 (base 16) to base 15
-4
3 (base 15) to base 7
3
Convert 5 (base 8) to base 11.
5
-70 (base 9) to base 8
-77
8 (base 13) to base 7
11
What is 0 (base 7) in base 14?
0
-1 (base 5) to base 2
-1
Convert 3 (base 4) to base 13.
3
1 (base 10) to base 4
1
Convert -2 (base 3) to base 2.
-10
What is 10 (base 3) in base 16?
3
Convert -1130 (base 4) to base 7.
-161
What is 10001 (base 2) in base 16?
11
What is 46 (base 9) in base 8?
52
What is -1001 (base 2) in base 4?
-21
What is -2001 (base 3) in base 5?
-210
Convert -34 (base 10) to base 12.
-2a
Convert 238 (base 10) to base 8.
356
What is b (base 16) in base 14?
b
Convert -2 (base 7) to base 5.
-2
What is 24 (base 7) in base 5?
33
Convert -100 (base 2) to base 6.
-4
What is 0 (base 6) in base 2?
0
4f (base 16) to base 15
54
11 (base 5) to base 4
12
Convert 92 (base 11) to base 15.
6b
What is 2 (base 15) in base 12?
2
What is -1 (base 5) in base 13?
-1
22 (base 13) to base 16
1c
10210 (base 3) to base 5
402
Convert -14 (base 13) to base 10.
-17
What is 333 (base 4) in base 10?
63
What is 11100011 (base 2) in base 11?
197
-32 (base 5) to base 4
-101
1 (base 13) to base 12
1
-3 (base 7) to base 6
-3
-a (base 14) to base 13
-a
What is -1001000 (base 2) in base 3?
-2200
Convert -2110 (base 3) to base 5.
-231
Convert -3 (base 14) to base 2.
-11
Convert 3132 (base 5) to base 11.
34a
What is 11 (base 3) in base 4?
10
Convert 1 (base 11) to base 12.
1
-1 (base 4) to base 5
-1
12 (base 9) to base 6
15
What is 100 (base 2) in base 4?
10
What is -104 (base 6) in base 8?
-50
Convert 6 (base 8) to base 11.
6
3320 (base 4) to base 6
1052
1 (base 8) to base 5
1
What is -2 (base 14) in base 5?
-2
What is 1 (base 14) in base 11?
1
3 (base 5) to base 15
3
Convert 22 (base 4) to base 3.
101
What is 1202 (base 3) in base 7?
65
What is -b8 (base 16) in base 11?
-158
Convert 12 (base 3) to base 7.
5
Convert 24 (base 14) to base 6.
52
5 (base 6) to base 9
5
2 (base 9) to base 16
2
What is -20 (base 3) in base 12?
-6
Convert 0 (base 6) to base 2.
0
What is 1 (base 2) in base 7?
1
Convert 1 (base 12) to base 8.
1
Convert -28 (base 13) to base 9.
-37
What is -25 (base 16) in base 11?
-34
What is 31 (base 6) in base 15?
14
100 (base 7) to base 2
110001
Convert 301 (base 4) to base 8.
61
Convert 9 (base 12) to base 15.
9
What is -246 (base 9) in base 2?
-11001100
What is 0 (base 12) in base 11?
0
Convert 0 (base 2) to base 10.
0
What is 132 (base 6) in base 14?
40
100 (base 2) to base 12
4
1 (base 4) to base 9
1
What is -20 (base 5) in base 10?
-10
What is 1 (base 2) in base 11?
1
What is -11011 (base 2) in base 4?
-123
Convert 1 (base 13) to base 12.
1
21 (base 10) to base 15
16
-122 (base 6) to base 2
-110010
What is 62 (base 7) in base 16?
2c
-3 (base 16) to base 8
-3
Convert -21 (base 6) to base 4.
-31
-136 (base 10) to base 5
-1021
-11 (base 5) to base 9
-6
Convert -152 (base 7) to base 10.
-86
4 (base 9) to base 15
4
Convert 4a (base 12) to base 14.
42
Convert 104 (base 9) to base 16.
55
What is -1 (base 2) in base 4?
-1
11 (base 6) to base 8
7
What is 2 (base 16) in base 15?
2
What is 1 (base 8) in base 16?
1
130 (base 7) to base 10
70
What is 3 (base 13) in base 10?
3
Convert -3 (base 12) to base 15.
-3
4 (base 15) to base 9
4
What is -1d (base 16) in base 11?
-27
-7 (base 14) to base 11
-7
What is -12 (base 11) in base 12?
-11
59 (base 10) to base 16
3b
Convert -45 (base 11) to base 8.
-61
-86 (base 13) to base 4
-1232
-1b (base 13) to base 16
-18
-150 (base 12) to base 8
-314
Convert 23 (base 4) to base 7.
14
What is 13 (base 4) in base 3?
21
-1101100 (base 2) to base 3
-11000
What is a (base 16) in base 7?
13
-75 (base 8) to base 7
-115
Convert -b (base 16) to base 5.
-21
126 (base 8) to base 11
79
250 (base 6) to base 13
7b
Conve